{"id":3492,"date":"2022-08-01T11:58:21","date_gmt":"2022-08-01T15:58:21","guid":{"rendered":"https:\/\/gbta.org\/?post_type=tribe_events&#038;p=3492"},"modified":"2022-10-04T13:02:39","modified_gmt":"2022-10-04T17:02:39","slug":"gbta-reconecta-cdmx-educacion-y-networking","status":"publish","type":"tribe_events","link":"https:\/\/gbta.org\/fr\/event\/gbta-reconecta-cdmx-educacion-y-networking\/","title":{"rendered":"GBTA reconecta CDMX: Educaci\u00f3n y Networking"},"content":{"rendered":"<p>Jueves 6 de Octubre<br \/>\n08:30 am MEX a 14:15 pm MEX<\/p>\n<p>Te invitamos a reencontrarte con tus pares y colegas a puro Educaci\u00f3n y Networking, con presentaciones \u00fanicas inherentes a la actualidad de la Industria de Viajes Corporativos y con un sector para Expo donde podr\u00e1s conocer m\u00e1s sobre qu\u00e9 tienen para contarte las principales empresas aliadas de T\u00da Industria.<\/p>\n<p>En el bell\u00edsimo piso 40 del Sofitel Mexico City Reforma, te espera este evento \u00fanico y con plazas limitadas \u00a1No te quedes sin tu lugar!<\/p>\n<p>El registro abrir\u00e1 a inicios de Septiembre y pronto compartiremos m\u00e1s novedades sobre los ponentes y la agenda general.<\/p>\n<p>Si quieres recibir m\u00e1s informaci\u00f3n como participante o si te interesa estar presente en el \u00e1rea de Expo con tu empresa, cont\u00e1ctanos a:\u00a0<a class=\"ApplyClass\" href=\"mailto:latamevents@gbta.org\">latamevents@gbta.org<\/a><\/p>\n<h2><\/h2>\n<h2>Sede<\/h2>\n<div class=\"row\">\n<div class=\"col-md-4\">Sofitel Mexico City Reforma<br \/>\nAv. Paseo de la Reforma 297<br \/>\n06500 Mexico City, Mexico<\/div>\n<div class=\"col-md-4\"><img loading=\"lazy\" decoding=\"async\" class=\"alignnone size-medium wp-image-6186\" src=\"https:\/\/gbta.org\/wp-content\/uploads\/Sofitel_Mexico-City-Reforma_logo-N21-300x76.png\" alt=\"sofitel mexico city reforma logo n[21]\" width=\"300\" height=\"76\" srcset=\"https:\/\/gbta.org\/wp-content\/uploads\/Sofitel_Mexico-City-Reforma_logo-N21-300x76.png 300w, https:\/\/gbta.org\/wp-content\/uploads\/Sofitel_Mexico-City-Reforma_logo-N21-1024x261.png 1024w, https:\/\/gbta.org\/wp-content\/uploads\/Sofitel_Mexico-City-Reforma_logo-N21-768x196.png 768w, https:\/\/gbta.org\/wp-content\/uploads\/Sofitel_Mexico-City-Reforma_logo-N21-18x5.png 18w, https:\/\/gbta.org\/wp-content\/uploads\/Sofitel_Mexico-City-Reforma_logo-N21.png 1350w\" sizes=\"auto, (max-width: 300px) 100vw, 300px\" \/><\/div>\n<\/div>\n<h2><\/h2>\n<h2>Agenda*<\/h2>\n<p>* subject to change<\/p>\n<p>&nbsp;<\/p>\n<table class=\"table\" style=\"border: solid 1px #ccc\" border=\"1\" cellspacing=\"0\" cellpadding=\"10\">\n<tbody>\n<tr>\n<td width=\"20%\">08:30 am &#8211; 09:00am<\/td>\n<td>\n<h5>Acreditaciones en Sede<\/h5>\n<p>(Procura estar registrado\/a previo al inicio del evento)<\/td>\n<\/tr>\n<tr>\n<td>09:00 am &#8211; 09:30 am<\/td>\n<td>\n<h5>Palabras de Bienvenida<\/h5>\n<\/td>\n<\/tr>\n<tr>\n<td>09:30 am &#8211; 10:15 am<\/td>\n<td>\n<h5>Gestiona con \u00e9xito tu Programa de Viajes: Herramientas Online (OBTs)Tu aliado Post-Pandemia<\/h5>\n<p><strong>Moderadora:<\/strong><\/p>\n<p>Gabriela Escalante Roman, Gerente Comercial Am\u00e9ricas, Viajes El Corte Ingl\u00e9s<\/p>\n<p><strong>Panelistas:<\/strong><\/p>\n<p>Bolivar Fuentes Le\u00f3n, Global Procurement Indirect Director, Grupo Bimbo<br \/>\nNancy Goycochea, Regional Travel Manager NORAM\/Europe &amp; UK, Unilever<br \/>\nIvonne Cordova, Travel Manager, Nissan<br \/>\nMiguel Ruiz, Solutions Consulting Director Latin America, SAP Concur<br \/>\nEmmanuel Delgado, Director de Cuentas, Sabre<br \/>\nMauricio Ba\u00f1ados, Corporate Account Manager,\u00a0 Amadeus<\/td>\n<\/tr>\n<tr>\n<td>10:15 am &#8211; 11:00 am<\/td>\n<td>\n<h5>Sustentabilidad referida a Viajes Corporativos<\/h5>\n<p>Navegando sobre los standards de Sustentabilidad en las diferentes industrias proveedoras: c\u00f3mo y porqu\u00e9 elegir opciones \u201cverdes\u201d<\/p>\n<p>Joanna Baskin, Corporate Business Travel &amp; Consortia Director, Grupo Posadas<br \/>\nDiana Olivares, Gerente General M\u00e9xico, LATAM Airlines y Presidente CANAERO<br \/>\nH\u00e9ctor Javier Alva Mirazo, Gerente de Cuentas Corporativas, Enterprise<\/td>\n<\/tr>\n<tr>\n<td>11:00 am &#8211; 12:30 pm<\/td>\n<td>\n<h5>Networking Brunch y Expo<\/h5>\n<\/td>\n<\/tr>\n<tr>\n<td>12:30 pm &#8211; 13:15 pm<\/td>\n<td>\n<h5>Bienestar y Seguridad referidos a Viajes Corporativos: una charla de Safety y Wellness post-Pandemia<\/h5>\n<p>Dra. Dayana Tinoco Hans, M\u00e9dico Especialista en Seguridad e Higiene, Master en Salud Ocupacional y Medicina Aeroespacial, Jefe de Salud Ocupacional Grupo Aerom\u00e9xico<\/td>\n<\/tr>\n<tr>\n<td>13:15 pm \u2013 14:15 pm<\/td>\n<td>\n<h5>Expo<\/h5>\n<\/td>\n<\/tr>\n<\/tbody>\n<\/table>\n<p>&nbsp;<\/p>\n<h4><span style=\"text-decoration: underline\"><strong>Hecho posible por<\/strong><\/span><\/h4>\n<p><img loading=\"lazy\" decoding=\"async\" class=\"alignnone wp-image-7514\" src=\"https:\/\/gbta.org\/wp-content\/uploads\/123-300x49.png\" alt=\"123\" width=\"894\" height=\"146\" srcset=\"https:\/\/gbta.org\/wp-content\/uploads\/123-300x49.png 300w, https:\/\/gbta.org\/wp-content\/uploads\/123-768x125.png 768w, https:\/\/gbta.org\/wp-content\/uploads\/123-18x3.png 18w, https:\/\/gbta.org\/wp-content\/uploads\/123.png 800w\" sizes=\"auto, (max-width: 894px) 100vw, 894px\" \/><\/p>\n<h4><span style=\"text-decoration: underline\"><strong>Expositores<\/strong><\/span><\/h4>\n<p><img loading=\"lazy\" decoding=\"async\" class=\"alignnone wp-image-7510\" src=\"https:\/\/gbta.org\/wp-content\/uploads\/gbtslogos-300x150.png\" alt=\"gbtslogos\" width=\"892\" height=\"446\" srcset=\"https:\/\/gbta.org\/wp-content\/uploads\/gbtslogos-300x150.png 300w, https:\/\/gbta.org\/wp-content\/uploads\/gbtslogos-1024x512.png 1024w, https:\/\/gbta.org\/wp-content\/uploads\/gbtslogos-768x384.png 768w, https:\/\/gbta.org\/wp-content\/uploads\/gbtslogos-18x9.png 18w, https:\/\/gbta.org\/wp-content\/uploads\/gbtslogos.png 1200w\" sizes=\"auto, (max-width: 892px) 100vw, 892px\" \/><\/p>\n<h2 style=\"text-align: left\">Valores de Registro<\/h2>\n<p style=\"text-align: left\">Direct Members: USD 40 \/\/ Direct Non-Members: USD 50<br \/>\nAllied Members: USD 60 \/\/ Allied Non-Members: USD 70<\/p>\n<div class=\"button\" style=\"text-align: left\"><a href=\"https:\/\/cvent.me\/zX4axV\">Registro<\/a><\/div>\n<div><\/div>\n<div><\/div>\n<div><\/div>\n<div><\/div>\n","protected":false},"excerpt":{"rendered":"<p>Jueves 6 de Octubre 08:30 am MEX a 14:15 pm MEX Te invitamos a reencontrarte con tus pares y colegas a puro Educaci\u00f3n y Networking, con presentaciones \u00fanicas inherentes a&#8230;<\/p>\n","protected":false},"author":14,"featured_media":0,"template":"","meta":{"_acf_changed":false,"_seopress_robots_primary_cat":"","_seopress_titles_title":"","_seopress_titles_desc":"","_seopress_robots_index":"","om_disable_all_campaigns":false,"_relevanssi_hide_post":"","_relevanssi_hide_content":"","_relevanssi_pin_for_all":"","_relevanssi_pin_keywords":"","_relevanssi_unpin_keywords":"","_relevanssi_related_keywords":"","_relevanssi_related_include_ids":"","_relevanssi_related_exclude_ids":"","_relevanssi_related_no_append":"","_relevanssi_related_not_related":"","_relevanssi_related_posts":"","_relevanssi_noindex_reason":"","_kad_blocks_custom_css":"","_kad_blocks_head_custom_js":"","_kad_blocks_body_custom_js":"","_kad_blocks_footer_custom_js":"","_kad_post_transparent":"","_kad_post_title":"","_kad_post_layout":"","_kad_post_sidebar_id":"","_kad_post_content_style":"","_kad_post_vertical_padding":"","_kad_post_feature":"","_kad_post_feature_position":"","_kad_post_header":false,"_kad_post_footer":false,"_tribe_events_status":"","_tribe_events_status_reason":"","_tribe_events_is_hybrid":"","_tribe_events_is_virtual":"","_tribe_events_virtual_video_source":"","_tribe_events_virtual_embed_video":"","_tribe_events_virtual_linked_button_text":"","_tribe_events_virtual_linked_button":"","_tribe_events_virtual_show_embed_at":"","_tribe_events_virtual_show_embed_to":[],"_tribe_events_virtual_show_on_event":"","_tribe_events_virtual_show_on_views":"","_tribe_events_virtual_url":"","footnotes":"","_links_to":"","_links_to_target":""},"tags":[],"tribe_events_cat":[1460,1461],"class_list":["post-3492","tribe_events","type-tribe_events","status-publish","hentry","tribe_events_cat-latam","tribe_events_cat-summits-workshops","cat_latam","cat_summits-workshops"],"acf":[],"featured_image_src_large":false,"author_info":{"display_name":"","author_link":"https:\/\/gbta.org\/fr\/author\/"},"comment_info":"","taxonomy_info":{"tribe_events_cat":[{"value":1460,"label":"LATAM"},{"value":1461,"label":"Summits &amp; Workshops"}]},"_links":{"self":[{"href":"https:\/\/gbta.org\/fr\/wp-json\/wp\/v2\/tribe_events\/3492","targetHints":{"allow":["GET"]}}],"collection":[{"href":"https:\/\/gbta.org\/fr\/wp-json\/wp\/v2\/tribe_events"}],"about":[{"href":"https:\/\/gbta.org\/fr\/wp-json\/wp\/v2\/types\/tribe_events"}],"author":[{"embeddable":true,"href":"https:\/\/gbta.org\/fr\/wp-json\/wp\/v2\/users\/14"}],"version-history":[{"count":0,"href":"https:\/\/gbta.org\/fr\/wp-json\/wp\/v2\/tribe_events\/3492\/revisions"}],"wp:attachment":[{"href":"https:\/\/gbta.org\/fr\/wp-json\/wp\/v2\/media?parent=3492"}],"wp:term":[{"taxonomy":"post_tag","embeddable":true,"href":"https:\/\/gbta.org\/fr\/wp-json\/wp\/v2\/tags?post=3492"},{"taxonomy":"tribe_events_cat","embeddable":true,"href":"https:\/\/gbta.org\/fr\/wp-json\/wp\/v2\/tribe_events_cat?post=3492"}],"curies":[{"name":"wp","href":"https:\/\/api.w.org\/{rel}","templated":true}]}}

GBTA reconecta CDMX: Educación y Networking

<p>Jueves 6 de Octubre<br />
08:30 am MEX a 14:15 pm MEX</p>
<p>Te invitamos a reencontrarte con tus pares y colegas a puro Educación y Networking, con presentaciones únicas inherentes a la actualidad de la Industria de Viajes Corporativos y con un sector para Expo donde podrás conocer más sobre qué tienen para contarte las principales empresas aliadas de TÚ Industria.</p>
<p>En el bellísimo piso 40 del Sofitel Mexico City Reforma, te espera este evento único y con plazas limitadas ¡No te quedes sin tu lugar!</p>
<p>El registro abrirá a inicios de Septiembre y pronto compartiremos más novedades sobre los ponentes y la agenda general.</p>
<p>Si quieres recibir más información como participante o si te interesa estar presente en el área de Expo con tu empresa, contáctanos a: <a class="ApplyClass" href="mailto:latamevents@gbta.org">latamevents@gbta.org</a></p>
<h2></h2>
<h2>Sede</h2>
<div class="row">
<div class="col-md-4">Sofitel Mexico City Reforma<br />
Av. Paseo de la Reforma 297<br />
06500 Mexico City, Mexico</div>
<div class="col-md-4"><img loading="lazy" decoding="async" class="alignnone size-medium wp-image-6186" src="https://gbta.org/wp-content/uploads/Sofitel_Mexico-City-Reforma_logo-N21-300x76.png" alt="sofitel mexico city reforma logo n[21]" width="300" height="76" srcset="https://gbta.org/wp-content/uploads/Sofitel_Mexico-City-Reforma_logo-N21-300x76.png 300w, https://gbta.org/wp-content/uploads/Sofitel_Mexico-City-Reforma_logo-N21-1024x261.png 1024w, https://gbta.org/wp-content/uploads/Sofitel_Mexico-City-Reforma_logo-N21-768x196.png 768w, https://gbta.org/wp-content/uploads/Sofitel_Mexico-City-Reforma_logo-N21-18x5.png 18w, https://gbta.org/wp-content/uploads/Sofitel_Mexico-City-Reforma_logo-N21.png 1350w" sizes="auto, (max-width: 300px) 100vw, 300px" /></div>
</div>
<h2></h2>
<h2>Agenda*</h2>
<p>* subject to change</p>
<p>&nbsp;</p>
<table class="table" style="border: solid 1px #ccc" border="1" cellspacing="0" cellpadding="10">
<tbody>
<tr>
<td width="20%">08:30 am &#8211; 09:00am</td>
<td>
<h5>Acreditaciones en Sede</h5>
<p>(Procura estar registrado/a previo al inicio del evento)</td>
</tr>
<tr>
<td>09:00 am &#8211; 09:30 am</td>
<td>
<h5>Palabras de Bienvenida</h5>
</td>
</tr>
<tr>
<td>09:30 am &#8211; 10:15 am</td>
<td>
<h5>Gestiona con éxito tu Programa de Viajes: Herramientas Online (OBTs)Tu aliado Post-Pandemia</h5>
<p><strong>Moderadora:</strong></p>
<p>Gabriela Escalante Roman, Gerente Comercial Américas, Viajes El Corte Inglés</p>
<p><strong>Panelistas:</strong></p>
<p>Bolivar Fuentes León, Global Procurement Indirect Director, Grupo Bimbo<br />
Nancy Goycochea, Regional Travel Manager NORAM/Europe &amp; UK, Unilever<br />
Ivonne Cordova, Travel Manager, Nissan<br />
Miguel Ruiz, Solutions Consulting Director Latin America, SAP Concur<br />
Emmanuel Delgado, Director de Cuentas, Sabre<br />
Mauricio Bañados, Corporate Account Manager,  Amadeus</td>
</tr>
<tr>
<td>10:15 am &#8211; 11:00 am</td>
<td>
<h5>Sustentabilidad referida a Viajes Corporativos</h5>
<p>Navegando sobre los standards de Sustentabilidad en las diferentes industrias proveedoras: cómo y porqué elegir opciones “verdes”</p>
<p>Joanna Baskin, Corporate Business Travel &amp; Consortia Director, Grupo Posadas<br />
Diana Olivares, Gerente General México, LATAM Airlines y Presidente CANAERO<br />
Héctor Javier Alva Mirazo, Gerente de Cuentas Corporativas, Enterprise</td>
</tr>
<tr>
<td>11:00 am &#8211; 12:30 pm</td>
<td>
<h5>Networking Brunch y Expo</h5>
</td>
</tr>
<tr>
<td>12:30 pm &#8211; 13:15 pm</td>
<td>
<h5>Bienestar y Seguridad referidos a Viajes Corporativos: una charla de Safety y Wellness post-Pandemia</h5>
<p>Dra. Dayana Tinoco Hans, Médico Especialista en Seguridad e Higiene, Master en Salud Ocupacional y Medicina Aeroespacial, Jefe de Salud Ocupacional Grupo Aeroméxico</td>
</tr>
<tr>
<td>13:15 pm – 14:15 pm</td>
<td>
<h5>Expo</h5>
</td>
</tr>
</tbody>
</table>
<p>&nbsp;</p>
<h4><span style="text-decoration: underline"><strong>Hecho posible por</strong></span></h4>
<p><img loading="lazy" decoding="async" class="alignnone wp-image-7514" src="https://gbta.org/wp-content/uploads/123-300x49.png" alt="123" width="894" height="146" srcset="https://gbta.org/wp-content/uploads/123-300x49.png 300w, https://gbta.org/wp-content/uploads/123-768x125.png 768w, https://gbta.org/wp-content/uploads/123-18x3.png 18w, https://gbta.org/wp-content/uploads/123.png 800w" sizes="auto, (max-width: 894px) 100vw, 894px" /></p>
<h4><span style="text-decoration: underline"><strong>Expositores</strong></span></h4>
<p><img loading="lazy" decoding="async" class="alignnone wp-image-7510" src="https://gbta.org/wp-content/uploads/gbtslogos-300x150.png" alt="gbtslogos" width="892" height="446" srcset="https://gbta.org/wp-content/uploads/gbtslogos-300x150.png 300w, https://gbta.org/wp-content/uploads/gbtslogos-1024x512.png 1024w, https://gbta.org/wp-content/uploads/gbtslogos-768x384.png 768w, https://gbta.org/wp-content/uploads/gbtslogos-18x9.png 18w, https://gbta.org/wp-content/uploads/gbtslogos.png 1200w" sizes="auto, (max-width: 892px) 100vw, 892px" /></p>
<h2 style="text-align: left">Valores de Registro</h2>
<p style="text-align: left">Direct Members: USD 40 // Direct Non-Members: USD 50<br />
Allied Members: USD 60 // Allied Non-Members: USD 70</p>
<div class="button" style="text-align: left"><a href="https://cvent.me/zX4axV">Registro</a></div>
<div></div>
<div></div>
<div></div>
<div></div>

<p>Jueves 6 de Octubre 08:30 am MEX a 14:15 pm MEX Te invitamos a reencontrarte con tus pares y colegas a puro Educación y Networking, con presentaciones únicas inherentes a&#8230;</p>
