{"id":3817,"date":"2022-08-03T14:04:33","date_gmt":"2022-08-03T18:04:33","guid":{"rendered":"https:\/\/gbta.org\/?post_type=tribe_events&#038;p=3817"},"modified":"2022-10-25T07:05:17","modified_gmt":"2022-10-25T11:05:17","slug":"gbta-reconecta-br-travel-managers-reunited","status":"publish","type":"tribe_events","link":"https:\/\/gbta.org\/fr\/event\/gbta-reconecta-br-travel-managers-reunited\/","title":{"rendered":"GBTA Reconecta &#8211; BR &#8211; Travel Managers Reunited"},"content":{"rendered":"<p>25 octubre 2022, 9:00 AM &#8211; 12:30 PM<\/p>\n<p>S\u00e3o Paulo,\u00a0InterContinental S\u00e3o Paulo<\/p>\n<p>Participe de este programa exclusivo para Travel Managers, que traz o que hoje \u00e9 \u00faltima tend\u00eancia em Viagens de Neg\u00f3cios. Um evento de curta dura\u00e7\u00e3o, parte de um Road Show Regional que aproxima mais do que nunca Voc\u00ea, \u00e0 sua Associa\u00e7\u00e3o.<\/p>\n<p>Se sua Companhia tem interesse em ser um dos Sponsors deste Evento especial, pode nos contatar a\u00a0<a href=\"mailto:latamevents@gbta.org\">latamevents@gbta.org<\/a><\/p>\n<p>Exclusivo para Travel Managers, sem custo.<\/p>\n<p>&nbsp;<\/p>\n<p><span style=\"text-decoration: underline\"><strong>Full Agenda<\/strong><\/span><\/p>\n<p><strong>8:30 hs<\/strong> &#8211; Credenciamento<\/p>\n<p><strong>9:00 hs<\/strong> &#8211; Boas-vindas GBTA e Sponsors<\/p>\n<p><strong>9:30 hs<\/strong> &#8211; Marta Vieira Da Silva, Jogadora Profissional de Futebol<\/p>\n<p><img loading=\"lazy\" decoding=\"async\" class=\" wp-image-7632 alignleft\" src=\"https:\/\/gbta.org\/wp-content\/uploads\/Marta-Vieira-with-LATAM-Airlines-Plane-1-200x300.jpg\" alt=\"marta vieira with latam airlines plane (1)\" width=\"469\" height=\"704\" srcset=\"https:\/\/gbta.org\/wp-content\/uploads\/Marta-Vieira-with-LATAM-Airlines-Plane-1-200x300.jpg 200w, https:\/\/gbta.org\/wp-content\/uploads\/Marta-Vieira-with-LATAM-Airlines-Plane-1-683x1024.jpg 683w, https:\/\/gbta.org\/wp-content\/uploads\/Marta-Vieira-with-LATAM-Airlines-Plane-1-768x1152.jpg 768w, https:\/\/gbta.org\/wp-content\/uploads\/Marta-Vieira-with-LATAM-Airlines-Plane-1-1024x1536.jpg 1024w, https:\/\/gbta.org\/wp-content\/uploads\/Marta-Vieira-with-LATAM-Airlines-Plane-1-8x12.jpg 8w, https:\/\/gbta.org\/wp-content\/uploads\/Marta-Vieira-with-LATAM-Airlines-Plane-1.jpg 1280w\" sizes=\"auto, (max-width: 469px) 100vw, 469px\" \/>Marta Vieira da Silva \u00e9 Embaixadora da boa vontade da ONU Mulheres e jogadora brasileira que atua como atacante ou meia-atacante. Atualmente, joga pelo Orlando Pride, dos Estados Unidos.<br \/>\nMarta j\u00e1 foi escolhida como melhor futebolista do mundo por seis vezes, sendo cinco de forma consecutiva. Um recorde n\u00e3o apenas entre mulheres mas tamb\u00e9m entre homens.<br \/>\nDesde 2015 \u00e9 a maior artilheira da hist\u00f3ria da Sele\u00e7\u00e3o Brasileira (contando a Masculina e a Feminina) com 116 gols.<\/p>\n<p>&nbsp;<\/p>\n<p>&nbsp;<\/p>\n<p>&nbsp;<\/p>\n<p>&nbsp;<\/p>\n<p>&nbsp;<\/p>\n<p>&nbsp;<\/p>\n<p>&nbsp;<\/p>\n<p>&nbsp;<\/p>\n<p>&nbsp;<\/p>\n<p>&nbsp;<\/p>\n<p>&nbsp;<\/p>\n<p>&nbsp;<\/p>\n<p><strong>10:30 hs<\/strong> &#8211; Atualidade no mundo das Viagens Corporativas Regionais e Globais<\/p>\n<p><strong>Moderador:<\/strong> Felipe Mesquita, Copastur<\/p>\n<p><strong>Painelistas:<\/strong><\/p>\n<p>Alba Mendes, Front Office Lead Brazil, Argentina, Uruguay &#8211; Travel and Expenses Management, ABB<\/p>\n<p>Joyce Macieri, Travel &amp; Expense Manager, Minerva Foods&#8221;<\/p>\n<p><strong>11:15 hs<\/strong> &#8211; Networking Brunch<\/p>\n<p><strong>12:30 hs<\/strong> &#8211; Fim do Evento<\/p>\n<p>&nbsp;<\/p>\n<p><strong>Tornado poss\u00edvel por<\/strong><\/p>\n<p><img loading=\"lazy\" decoding=\"async\" class=\"alignnone wp-image-7824\" src=\"https:\/\/gbta.org\/wp-content\/uploads\/LOGOS-300x100.png\" alt=\"logos\" width=\"1131\" height=\"377\" srcset=\"https:\/\/gbta.org\/wp-content\/uploads\/LOGOS-300x100.png 300w, https:\/\/gbta.org\/wp-content\/uploads\/LOGOS-1024x341.png 1024w, https:\/\/gbta.org\/wp-content\/uploads\/LOGOS-768x256.png 768w, https:\/\/gbta.org\/wp-content\/uploads\/LOGOS-18x6.png 18w, https:\/\/gbta.org\/wp-content\/uploads\/LOGOS.png 1200w\" sizes=\"auto, (max-width: 1131px) 100vw, 1131px\" \/><\/p>\n<div><\/div>\n<p>&nbsp;<\/p>\n","protected":false},"excerpt":{"rendered":"<p>25 octubre 2022, 9:00 AM &#8211; 12:30 PM S\u00e3o Paulo,\u00a0InterContinental S\u00e3o Paulo Participe de este programa exclusivo para Travel Managers, que traz o que hoje \u00e9 \u00faltima tend\u00eancia em Viagens&#8230;<\/p>\n","protected":false},"author":14,"featured_media":0,"template":"","meta":{"_acf_changed":false,"_seopress_robots_primary_cat":"","_seopress_titles_title":"","_seopress_titles_desc":"","_seopress_robots_index":"","om_disable_all_campaigns":false,"_relevanssi_hide_post":"","_relevanssi_hide_content":"","_relevanssi_pin_for_all":"","_relevanssi_pin_keywords":"","_relevanssi_unpin_keywords":"","_relevanssi_related_keywords":"","_relevanssi_related_include_ids":"","_relevanssi_related_exclude_ids":"","_relevanssi_related_no_append":"","_relevanssi_related_not_related":"","_relevanssi_related_posts":"","_relevanssi_noindex_reason":"","_kad_blocks_custom_css":"","_kad_blocks_head_custom_js":"","_kad_blocks_body_custom_js":"","_kad_blocks_footer_custom_js":"","_kad_post_transparent":"","_kad_post_title":"","_kad_post_layout":"","_kad_post_sidebar_id":"","_kad_post_content_style":"","_kad_post_vertical_padding":"","_kad_post_feature":"","_kad_post_feature_position":"","_kad_post_header":false,"_kad_post_footer":false,"_tribe_events_status":"","_tribe_events_status_reason":"","_tribe_events_is_hybrid":"","_tribe_events_is_virtual":"","_tribe_events_virtual_video_source":"","_tribe_events_virtual_embed_video":"","_tribe_events_virtual_linked_button_text":"","_tribe_events_virtual_linked_button":"","_tribe_events_virtual_show_embed_at":"","_tribe_events_virtual_show_embed_to":[],"_tribe_events_virtual_show_on_event":"","_tribe_events_virtual_show_on_views":"","_tribe_events_virtual_url":"","footnotes":"","_links_to":"","_links_to_target":""},"tags":[],"tribe_events_cat":[1460,1461],"class_list":["post-3817","tribe_events","type-tribe_events","status-publish","hentry","tribe_events_cat-latam","tribe_events_cat-summits-workshops","cat_latam","cat_summits-workshops"],"acf":[],"featured_image_src_large":false,"author_info":{"display_name":"","author_link":"https:\/\/gbta.org\/fr\/author\/"},"comment_info":"","taxonomy_info":{"tribe_events_cat":[{"value":1460,"label":"LATAM"},{"value":1461,"label":"Summits &amp; Workshops"}]},"_links":{"self":[{"href":"https:\/\/gbta.org\/fr\/wp-json\/wp\/v2\/tribe_events\/3817","targetHints":{"allow":["GET"]}}],"collection":[{"href":"https:\/\/gbta.org\/fr\/wp-json\/wp\/v2\/tribe_events"}],"about":[{"href":"https:\/\/gbta.org\/fr\/wp-json\/wp\/v2\/types\/tribe_events"}],"author":[{"embeddable":true,"href":"https:\/\/gbta.org\/fr\/wp-json\/wp\/v2\/users\/14"}],"version-history":[{"count":0,"href":"https:\/\/gbta.org\/fr\/wp-json\/wp\/v2\/tribe_events\/3817\/revisions"}],"wp:attachment":[{"href":"https:\/\/gbta.org\/fr\/wp-json\/wp\/v2\/media?parent=3817"}],"wp:term":[{"taxonomy":"post_tag","embeddable":true,"href":"https:\/\/gbta.org\/fr\/wp-json\/wp\/v2\/tags?post=3817"},{"taxonomy":"tribe_events_cat","embeddable":true,"href":"https:\/\/gbta.org\/fr\/wp-json\/wp\/v2\/tribe_events_cat?post=3817"}],"curies":[{"name":"wp","href":"https:\/\/api.w.org\/{rel}","templated":true}]}}

<p>25 octubre 2022, 9:00 AM &#8211; 12:30 PM</p>
<p>São Paulo, InterContinental São Paulo</p>
<p>Participe de este programa exclusivo para Travel Managers, que traz o que hoje é última tendência em Viagens de Negócios. Um evento de curta duração, parte de um Road Show Regional que aproxima mais do que nunca Você, à sua Associação.</p>
<p>Se sua Companhia tem interesse em ser um dos Sponsors deste Evento especial, pode nos contatar a <a href="mailto:latamevents@gbta.org">latamevents@gbta.org</a></p>
<p>Exclusivo para Travel Managers, sem custo.</p>
<p>&nbsp;</p>
<p><span style="text-decoration: underline"><strong>Full Agenda</strong></span></p>
<p><strong>8:30 hs</strong> &#8211; Credenciamento</p>
<p><strong>9:00 hs</strong> &#8211; Boas-vindas GBTA e Sponsors</p>
<p><strong>9:30 hs</strong> &#8211; Marta Vieira Da Silva, Jogadora Profissional de Futebol</p>
<p><img loading="lazy" decoding="async" class=" wp-image-7632 alignleft" src="https://gbta.org/wp-content/uploads/Marta-Vieira-with-LATAM-Airlines-Plane-1-200x300.jpg" alt="marta vieira with latam airlines plane (1)" width="469" height="704" srcset="https://gbta.org/wp-content/uploads/Marta-Vieira-with-LATAM-Airlines-Plane-1-200x300.jpg 200w, https://gbta.org/wp-content/uploads/Marta-Vieira-with-LATAM-Airlines-Plane-1-683x1024.jpg 683w, https://gbta.org/wp-content/uploads/Marta-Vieira-with-LATAM-Airlines-Plane-1-768x1152.jpg 768w, https://gbta.org/wp-content/uploads/Marta-Vieira-with-LATAM-Airlines-Plane-1-1024x1536.jpg 1024w, https://gbta.org/wp-content/uploads/Marta-Vieira-with-LATAM-Airlines-Plane-1-8x12.jpg 8w, https://gbta.org/wp-content/uploads/Marta-Vieira-with-LATAM-Airlines-Plane-1.jpg 1280w" sizes="auto, (max-width: 469px) 100vw, 469px" />Marta Vieira da Silva é Embaixadora da boa vontade da ONU Mulheres e jogadora brasileira que atua como atacante ou meia-atacante. Atualmente, joga pelo Orlando Pride, dos Estados Unidos.<br />
Marta já foi escolhida como melhor futebolista do mundo por seis vezes, sendo cinco de forma consecutiva. Um recorde não apenas entre mulheres mas também entre homens.<br />
Desde 2015 é a maior artilheira da história da Seleção Brasileira (contando a Masculina e a Feminina) com 116 gols.</p>
<p>&nbsp;</p>
<p>&nbsp;</p>
<p>&nbsp;</p>
<p>&nbsp;</p>
<p>&nbsp;</p>
<p>&nbsp;</p>
<p>&nbsp;</p>
<p>&nbsp;</p>
<p>&nbsp;</p>
<p>&nbsp;</p>
<p>&nbsp;</p>
<p>&nbsp;</p>
<p><strong>10:30 hs</strong> &#8211; Atualidade no mundo das Viagens Corporativas Regionais e Globais</p>
<p><strong>Moderador:</strong> Felipe Mesquita, Copastur</p>
<p><strong>Painelistas:</strong></p>
<p>Alba Mendes, Front Office Lead Brazil, Argentina, Uruguay &#8211; Travel and Expenses Management, ABB</p>
<p>Joyce Macieri, Travel &amp; Expense Manager, Minerva Foods&#8221;</p>
<p><strong>11:15 hs</strong> &#8211; Networking Brunch</p>
<p><strong>12:30 hs</strong> &#8211; Fim do Evento</p>
<p>&nbsp;</p>
<p><strong>Tornado possível por</strong></p>
<p><img loading="lazy" decoding="async" class="alignnone wp-image-7824" src="https://gbta.org/wp-content/uploads/LOGOS-300x100.png" alt="logos" width="1131" height="377" srcset="https://gbta.org/wp-content/uploads/LOGOS-300x100.png 300w, https://gbta.org/wp-content/uploads/LOGOS-1024x341.png 1024w, https://gbta.org/wp-content/uploads/LOGOS-768x256.png 768w, https://gbta.org/wp-content/uploads/LOGOS-18x6.png 18w, https://gbta.org/wp-content/uploads/LOGOS.png 1200w" sizes="auto, (max-width: 1131px) 100vw, 1131px" /></p>
<div></div>
<p>&nbsp;</p>

<p>25 octubre 2022, 9:00 AM &#8211; 12:30 PM São Paulo, InterContinental São Paulo Participe de este programa exclusivo para Travel Managers, que traz o que hoje é última tendência em Viagens&#8230;</p>
